{"id":86,"date":"2016-05-08T05:21:01","date_gmt":"2016-05-08T05:21:01","guid":{"rendered":"https:\/\/sst.minenergia.cl\/?page_id=86"},"modified":"2017-05-22T14:03:38","modified_gmt":"2017-05-22T14:03:38","slug":"sistemas-solares-termicos","status":"publish","type":"page","link":"https:\/\/sst.minenergia.cl\/","title":{"rendered":"Sistemas Solares T\u00e9rmicos"},"content":{"rendered":"<p style=\"text-align: justify;\"><strong>Un Sistema Solar T\u00e9rmico (SST) transforma la energ\u00eda radiante emitida por el sol en energ\u00eda t\u00e9rmica y la acumula, en forma de agua caliente, para pasar al sistema auxiliar (com\u00fanmente calef\u00f3n) antes de su posterior consumo.<\/strong><\/p>\n<p style=\"text-align: justify;\"><img loading=\"lazy\" decoding=\"async\" class=\"size-full wp-image-2162 aligncenter\" src=\"https:\/\/sst.minenergia.cl\/wp-content\/uploads\/2016\/05\/grafica_1.png\" alt=\"\" width=\"911\" height=\"294\" srcset=\"https:\/\/sst.minenergia.cl\/wp-content\/uploads\/2016\/05\/grafica_1.png 911w, https:\/\/sst.minenergia.cl\/wp-content\/uploads\/2016\/05\/grafica_1-300x97.png 300w, https:\/\/sst.minenergia.cl\/wp-content\/uploads\/2016\/05\/grafica_1-768x248.png 768w, https:\/\/sst.minenergia.cl\/wp-content\/uploads\/2016\/05\/grafica_1-676x218.png 676w\" sizes=\"auto, (max-width: 911px) 100vw, 911px\" \/><\/p>\n<p style=\"text-align: center;\"><span style=\"font-size: 16px;\"><strong>Figura 1: Circulaci\u00f3n en un equipo tipo termosif\u00f3n con colector plano<\/strong><\/span><\/p>\n<p style=\"text-align: justify;\"><strong>El sol es una fuente energ\u00e9tica renovable, limpia y confiable, que permite sustituir parte del consumo de combustibles f\u00f3siles y\/o electricidad, generando ahorros y aportando al cuidado del medio ambiente.<\/strong><\/p>\n<p style=\"text-align: justify;\"><img loading=\"lazy\" decoding=\"async\" class=\"size-full wp-image-2163 aligncenter\" src=\"https:\/\/sst.minenergia.cl\/wp-content\/uploads\/2016\/05\/grafica_2.png\" alt=\"\" width=\"911\" height=\"322\" srcset=\"https:\/\/sst.minenergia.cl\/wp-content\/uploads\/2016\/05\/grafica_2.png 911w, https:\/\/sst.minenergia.cl\/wp-content\/uploads\/2016\/05\/grafica_2-300x106.png 300w, https:\/\/sst.minenergia.cl\/wp-content\/uploads\/2016\/05\/grafica_2-768x271.png 768w, https:\/\/sst.minenergia.cl\/wp-content\/uploads\/2016\/05\/grafica_2-676x239.png 676w\" sizes=\"auto, (max-width: 911px) 100vw, 911px\" \/><\/p>\n<p style=\"text-align: justify;\">\u00a0<\/p>\n<p style=\"text-align: center;\"><span style=\"font-size: 16px;\"><strong>Figura 2: Esquema integral de la instalaci\u00f3n de Agua Caliente Sanitaria (solar + sistema auxiliar). Conexi\u00f3n en serie: la salida del dep\u00f3sito solar se conecta a la entrada del sistema de apoyo convencional.<\/strong><\/span><\/p>\n<h2>Beneficios<\/h2>\n<p><strong>1.- Ahorro de energ\u00eda t\u00e9rmica: bajar\u00e1 el gasto en agua caliente de tu hogar<\/strong><\/p>\n<ul style=\"list-style-type: disc;\">\n<li>El ahorro de energ\u00eda depender\u00e1 de la ubicaci\u00f3n del Sistema Solar T\u00e9rmico (SST) y va entre un 30% a un 75% o m\u00e1s.<\/li>\n<li>El resto de la demanda puede ser proporcionada por sistemas convencionales de producci\u00f3n de agua caliente.<\/li>\n<li>En Santiago una vivienda de cuatro personas, con un Sistema Solar T\u00e9rmico podr\u00eda alcanzar un ahorro aproximado de $140.000 anuales.<\/li>\n<\/ul>\n<p><strong>2.- La inversi\u00f3n se amortiza con el ahorro energ\u00e9tico<\/strong><\/p>\n<ul style=\"list-style-type: disc;\">\n<li>Un sistema solar t\u00e9rmico recupera la inversi\u00f3n entre 8 y 12 a\u00f1os, con una vida \u00fatil de 15 a 20 a\u00f1os en promedio.<\/li>\n<li>El per\u00edodo de amortizaci\u00f3n efectivo depender\u00e1 del tipo de combustible que se sustituye, la variaci\u00f3n de su precio, la radiaci\u00f3n solar existente, la demanda de agua caliente y el tama\u00f1o y costo del SST.<\/li>\n<\/ul>\n<p><strong>3.- Es una soluci\u00f3n para las familias que no cuentan con agua caliente<\/strong><\/p>\n<ul style=\"list-style-type: disc;\">\n<li>Una gran cantidad de las familias en Chile no tiene los medios para calentar agua y un Sistema Solar T\u00e9rmico mejora significativamente la calidad de vida de ellas.<\/li>\n<\/ul>\n","protected":false},"excerpt":{"rendered":"<p>Un Sistema Solar T\u00e9rmico (SST) transforma la energ\u00eda radiante emitida por el sol en energ\u00eda t\u00e9rmica y la acumula, en forma de agua caliente, para pasar al sistema auxiliar (com\u00fanmente calef\u00f3n) antes de su posterior consumo. Figura 1: Circulaci\u00f3n en un equipo tipo termosif\u00f3n con colector plano El sol es una fuente energ\u00e9tica renovable, limpia [&hellip;]<\/p>\n","protected":false},"author":2,"featured_media":0,"parent":0,"menu_order":0,"comment_status":"closed","ping_status":"closed","template":"","meta":{"footnotes":""},"class_list":["post-86","page","type-page","status-publish","hentry"],"_links":{"self":[{"href":"https:\/\/sst.minenergia.cl\/index.php?rest_route=\/wp\/v2\/pages\/86","targetHints":{"allow":["GET"]}}],"collection":[{"href":"https:\/\/sst.minenergia.cl\/index.php?rest_route=\/wp\/v2\/pages"}],"about":[{"href":"https:\/\/sst.minenergia.cl\/index.php?rest_route=\/wp\/v2\/types\/page"}],"author":[{"embeddable":true,"href":"https:\/\/sst.minenergia.cl\/index.php?rest_route=\/wp\/v2\/users\/2"}],"replies":[{"embeddable":true,"href":"https:\/\/sst.minenergia.cl\/index.php?rest_route=%2Fwp%2Fv2%2Fcomments&post=86"}],"version-history":[{"count":35,"href":"https:\/\/sst.minenergia.cl\/index.php?rest_route=\/wp\/v2\/pages\/86\/revisions"}],"predecessor-version":[{"id":2164,"href":"https:\/\/sst.minenergia.cl\/index.php?rest_route=\/wp\/v2\/pages\/86\/revisions\/2164"}],"wp:attachment":[{"href":"https:\/\/sst.minenergia.cl\/index.php?rest_route=%2Fwp%2Fv2%2Fmedia&parent=86"}],"curies":[{"name":"wp","href":"https:\/\/api.w.org\/{rel}","templated":true}]}}